 l(i) = 184*i**2 + 1112*i + 7. Let s be l(-6). Let w(x) = 4*x**2 + 168*x + 170. Calculate w(s).
6
Let f = 687 + -680. Let x(t) be the first derivative of t**4/4 - 8*t**3/3 + t**2/2 - t - 125. What is x(f)?
-43
Let x(y) = -3*y**2 - 12*y - 2. Suppose 221*v + 116 = 192*v. Give x(v).
-2
Let o(x) = 2*x**3 - 28*x**2 + 6*x + 3. Let f(a) = 5*a**3 - 57*a**2 + 4*a + 7. Let t(h) = -3*f(h) + 7*o(h). Determine t(-26).
-104
Let c(l) = 2*l**2 - 593*l - 596*l + 3 + 1787*l - 594*l. Suppose -5*r - 36 = 4*u, -u - 4*r - 32 = 3*u. Calculate c(u).
19
Let w(c) = c**3 + c**2 - 7. Let x be w(0). Let r(t) be the first derivative of t**4/4 + 8*t**3/3 + 9*t**2/2 - t - 598. What is r(x)?
-15
Let b(h) = 5*h - 26. Let o be b(8). Let d(u) = -36 + 19 - 2*u + o. Give d(3).
-9
Let t(d) be the third derivative of -2*d**2 + 0*d + 0 - 1/60*d**5 - 1/3*d**3 - 3/8*d**4. Let v(r) = -r**3 - r**2 - r - 8. Let f be v(0). Calculate t(f).
6
Suppose -111*b = -131*b. Let o(l) = l**2 - l + 3. Let f(k) = 29 - 2*k**2 + 4*k**2 - 22 - 2*k. Let w(a) = -6*f(a) + 13*o(a). What is w(b)?
-3
Suppose 56*p + 100 = -4*o + 52*p, -6*o + 3*p = 132. Let c(a) = -a**2 - 48*a - 574. Determine c(o).
1
Let g(t) be the third derivative of -7*t**4/24 - 47*t**3/6 - 5*t**2 + 145*t. Calculate g(-7).
2
Let y(t) = -t**2 + 9*t + 2. Let j(o) = 50*o**2 + 46*o**2 + 8*o - 97*o**2 + 3. Let h(d) = 3*j(d) - 2*y(d). What is h(6)?
5
Suppose -a + 25 + 8 = 0. Let y(z) = a*z**2 - 14 - 6*z - z + 37*z**2 - 71*z**2. Calculate y(-4).
-2
Let z(u) be the first derivative of u**3/3 + 8*u**2 - 4*u - 6077. What is z(-14)?
-32
Let y(n) = n**3 + 4*n**2 - n + 4. Let v be y(4). Suppose -38*x - 4*d = -36*x - 268, -d + 135 = x. Let c = v - x. Let k(i) = -i - 12. Determine k(c).
-4
Let f(h) = -56*h - 550. Let k(s) = -10*s. Let j(t) = -f(t) + 4*k(t). Calculate j(-34).
6
Let z(c) be the first derivative of 4*c**3/3 - 9*c**2 + 19*c - 820. Determine z(4).
11
Let y(r) = -5*r + 26. Let j = 1252 - 1246. Determine y(j).
-4
Let n(a) be the first derivative of a**3 - 11*a - 622. What is n(0)?
-11
Let c be (-159)/53 - (-1 + -2 + -2). Let b(j) = 4*j**2 - 7*j + 7. Let v(r) = -5*r**2 + 8*r - 8. Let f(z) = -6*b(z) - 5*v(z). Give f(c).
6
Let r(c) = -32*c + c**2 + 9*c + 19 - 10*c + 20 + 0. Determine r(32).
7
Let s be -23 + 0 + (-1 - -14). Let q(i) = 5*i + 5. What is q(s)?
-45
Suppose -5*j = -4*j + 5*p - 15, 3*j - 6 = -2*p. Suppose 8*c - 10*c + 4 = j. Suppose -3*f + 3 = h - c, f + 3*h - 7 = 0. Let m(b) = 10*b + 1. Calculate m(f).
11
Let o(x) = x**3 - 6*x**2 + 7*x - 6. Suppose 2*h + 3*h = 300. Let m be -50 - (2/(-6) + (-798)/(-126)). Let t = h + m. Determine o(t).
-10
Suppose 75*t + 263 = -562. Let n(j) = 4*j**3 - 8 + 11*j - 7 - 3*j**3 + 12*j**2 + 0*j**2. Determine n(t).
-15
Let i(x) = -3*x - 22. Suppose 57*b = 61*b - 12. Suppose 0 = 5*a - b*a - u + 15, -a - 10 = -3*u. Calculate i(a).
-1
Let l(f) be the first derivative of 1/3*f**3 + 39 + 10*f - 9/2*f**2. Calculate l(7).
-4
Let c(d) = -d**2 + 8*d - 2. Let f(j) = -j. Let v(a) = 19*a**2 + 6*a - 2. Let h(s) = 3*f(s) + v(s). Let g be h(1). Let t = 25 - g. Give c(t).
13
Suppose 14*f = 10*f + 16. Suppose -4*t = -f*j - 31 + 11, t = -4*j - 10. Let w(y) = -y + 2*y**2 - 3*y**t - 2*y**2 - 3*y**2. Calculate w(-1).
-5
Suppose 4*t = -12, -4*t + 187 + 26 = 5*c. Let w = 43 - c. Let q be (-2)/w*-1*(10 + -15). Let j(m) = m**3 - 4*m**2 - 5*m - 5. Calculate j(q).
-5
Let y(z) = 4753 - 3*z - 4747 + 0*z. Suppose 5 = 2*v - 3*v. Calculate y(v).
21
Let r(f) = -1742 - 1720 + 5*f**2 + f**3 - 20*f - 3*f**3 + 3*f**3 + 3385. What is r(-6)?
7
Let f(q) = 39*q**2 - q - 1. Let j(u) = -129*u**2 + 4*u + 3. Let l(v) = -7*f(v) - 2*j(v). Determine l(-1).
-13
Suppose 5*p - 4*o - 160 = 0, p - 11*o - 32 = -12*o. Let x(k) = 52*k + p*k - 89*k - 4. Suppose -2 = -4*i - 5*w, w = -6*i + 2*i + 10. What is x(i)?
-19
Let r = 456 - 444. Let k(s) = -2*s**3 + 23*s**2 + 11*s + 17. What is k(r)?
5
Let a(s) = 5*s**2 - 26*s + 27. Let b(k) = -6*k**2 + 18*k - 22. Let m(g) = 3*a(g) + 4*b(g). Give m(-2).
-31
Suppose 0 = w - 213 + 42. Let h = w - 178. Let z(o) be the first derivative of o**4/4 + 8*o**3/3 + 7*o**2/2 + 9*o + 2. What is z(h)?
9
Suppose 2*i - 5*l - 7 - 27 = 0, -4*l - 68 = -4*i. Let t(n) = n**2 - 20*n + 51. Let b be t(i). Let m(f) = f - 26. What is m(b)?
-26
Let p(h) = h**3 - 6*h**2 + 7*h + 1. Suppose 30 + 272 = -2*u. Let y = 156 + u. Calculate p(y).
11
Suppose 7*p - 1054 = -872. Let i(t) = -t**2 + 28*t - 39. Determine i(p).
13
Let p(q) be the first derivative of 3*q**2/2 + q + 2294. Let z = -7 + 6. Give p(z).
-2
Let d(u) = 16 + 134*u - 52*u**2 + 21*u**2 - 157*u + 30*u**2. Determine d(-21).
58
Let x(z) = 23*z + 18*z - 58*z + 62 + 18*z + 17*z. What is x(-4)?
-10
Let n(z) = 311*z**2 - 18*z + 326*z**2 - 954*z**2 + 10 + 318*z**2. Determine n(8).
-70
Let m(n) = -21 - 10*n**2 + 1 - 6 - 8*n**2 + 1879*n**3 + 20*n - 1878*n**3. Determine m(17).
25
Let c(s) = -s**3 + 5*s**2 + 10*s - 14. Let x be c(7). Let a = x + 44. Let u(l) = 3*l**a + 158 - 152 - 2*l**2 - l. What is u(0)?
6
Suppose 0*a - 5*a = t - 15, -5*a - 2*t = -15. Suppose 4*z - 19 = -a*i, -5*z = -2*i + i - 19. Let x(k) = -k**2 - k + 5*k - 4*k - 6 + 5*k. What is x(z)?
-2
Let g = 23 + -21. Let c(m) = 13*m - 14. Let r be c(g). Let u(x) = r + 11 - 7 - x - 2. What is u(0)?
14
Let n(w) be the second derivative of -w**3/6 - 41*w**2/2 + 2630*w. Give n(-15).
-26
Let h(t) = t**2 - 14*t + 6. Let k = 20125 + -20107. Give h(k).
78
Suppose 4*n = 5*n + 8. Let c(a) = -3*a**3 - 11*a**2 - 13*a + 80. Let o(h) = -h**3 - h**2 - 4*h + 41. Let d(g) = c(g) - 2*o(g). Calculate d(n).
-26
Let p(q) = -4*q. Let k(v) = v - 1. Let m(f) = 5*k(f) + p(f). Let s = -342 - -344. Suppose -5*i - 15 = s*a - 2*i, 5*i = -2*a - 25. Give m(a).
-5
Suppose 41*o - 6*o + 30*o - 195 = 0. Let c(t) = 15*t + 6. Calculate c(o).
51
Let z = 2979 + -2974. Let q(o) = -5*o**3 + 4*o**3 - 4 + 2 + 6*o - 3 + 4*o**2. Give q(z).
0
Let z(p) = 2*p**3 - 8*p**2 + 5*p - 36. Let d be z(4). Let o(k) = 3*k - 7. What is o(d)?
-55
Suppose -4*h + 2*j + 98 = 0, h + 4*j - 8 = -j. Suppose o + h = 18. Let m(b) = b**3 + 7*b**2 + 10*b + 1. Calculate m(o).
1
Let u(d) = -24*d. Let a be u(-1). Suppose 42*y - 46*y = -a. Let p(r) = -r - 10*r**2 - y*r**2 + 15*r**2 - 2. Calculate p(-4).
-14
Let s be (-15)/60 + ((-74)/(-8) - 0). Let y(v) = -v**3 + 8*v**2 + 7*v + 9. Give y(s).
-9
Let t(q) = 6412 + 42*q + 14*q - 6401 - 5*q. Determine t(-3).
-142
Let s(j) = -j**3 + 34*j**2 + 8*j - 28. Let y be s(34). Let i = -237 + y. Let b(t) = -t**2 + 3*t - 2. Give b(i).
-30
Let m(y) = 15*y - 9 - 34*y + 11*y + 11*y. Let q be m(6). Let d(z) = 7*z + q - 1 - 5*z + 1. Calculate d(-7).
-5
Suppose -109*r = 25*r - 6*r + 640. Let n(m) = 3*m + 1. Let h(y) = 4*y + 1. Let v(w) = -5*h(w) + 6*n(w). Give v(r).
11
Let p(a) = -a**3 - 11*a**2 + 12*a. Let y be p(-12). Suppose -5*w - 5*h = -h + 66, y = w + 3*h + 22. Let t(d) = -d**3 - 10*d**2 - 5. Give t(w).
-5
Let k = -302 + 316. Suppose 3*s + 7 + k = 0. Let v(z) = -z**2 - 4*z + 9. Determine v(s).
-12
Let w(f) = f**2 - 12*f + 4. Suppose 3*g = -g, -4*j + 5*g = -180. Suppose -4*z - 3*o = -j, 2*z + 21 = 4*z + 3*o. Determine w(z).
4
Suppose -4*v + 52 = -4*y, 3171*y - 3166*y + 11 = -v. Let d(w) = w**3 - 4*w**2 - 45*w + 2. Give d(v).
2
Let h(y) be the first derivative of 23*y**5/120 + 31*y**3 - 292. Let k(i) be the third derivative of h(i). Calculate k(1).
23
Let u(k) be the third derivative of -5/12*k**4 - 5/3*k**3 + 0 + 1/60*k**5 + 0*k - 12*k**2. Calculate u(8).
-26
Let l(v) = -34 - 7304*v + 3660*v + 3653*v. What is l(4)?
2
Let t(u) = u**2 + 5*u - 84. Let g be t(-12). Let p(v) = v**2 + 96. What is p(g)?
96
Suppose -2*f + x = 12 - 13, -f + 3 = 2*x. Let q(m) = 4*m**3 - 8*m - f + 10*m**2 - 5*m**3 + 0 - 18*m**2. Calculate q(-7).
6
Let i(x) = -128*x - 1991. Let p(g) = 32*g + 441. Let u(n) = 2*i(n) + 9*p(n). Give u(1).
19
Let m(a) = 29286*a - 29286*a + a**2. Give m(1).
1
Let z(x) = -10 + 8 - 3. Let r(n) = -n - 40. Let v(c) = 2*r(c) - 22*z(c). Give v(13).
4
Let h(x) = -4*x**3 - 1. Suppose 2*r + 20 = -5*q, r + 8 = 5*r - 2*q. Suppose r = -4*c - 39 + 55. Let f be (-2*4)/c - -3. Give h(f).
-5
Let n(s) = 15*s - 1. Let t(v) = 1 + 0 - v + 3*v - 2. Let g(l) = -n(l) + 4*t(l). Calculate g(-2).
11
Let y = -2852 - -2860. Let x(m) = 9*m - 29. Let u(k) = 3*k - 10. Let r(h) = -7*u(h) + 2*x(h). What is r(y)?
-12
Let 